 11*g(p) + 2*l(p). Let z be y(-3). What is k(z)?
6
Let c(k) = k**2 + 11*k - 12. Let j = -101 + 88. Determine c(j).
14
Let p(l) = l**2 - 9*l + 14. Let t be p(3). Let x(h) = 14*h**2 - 16*h + 6. Let k(n) = -5*n**2 + 5*n - 2. Let g(y) = t*x(y) - 11*k(y). Determine g(8).
6
Let b(u) = u**2 + 4*u. Let y be (-8)/(-2)*(-248)/16. Let m = -67 - y. Give b(m).
5
Suppose 0 = -2*c + 5 + 1. Let r = 5 - c. Let b(d) be the third derivative of -d**5/60 + d**3/6 + 51*d**2. Calculate b(r).
-3
Let s(u) = 2*u - 4. Let g(d) = 1 + 4 + 0 - 3*d. Let t(z) = -3*g(z) - 4*s(z). Give t(-2).
-1
Let n(s) = s**3 + 2*s**2 + 2*s - 2. Let u be (-1)/(-1)*(33 + -29). Let t(v) = v**3 - 5*v**2 + 5*v - 7. Let h be t(u). Calculate n(h).
-17
Let m(d) = 5*d**3 + 13*d**2 + 19*d - 4. Let p(y) = -y**3 - y**2 - 2*y. Let b(k) = m(k) + 6*p(k). Calculate b(8).
-12
Let d(h) = -2*h**3 - h**2. Let f(g) = 9*g**3 + 11*g**2 + 8. Let p(c) = 5*d(c) + f(c). Suppose v + 28 = 5*v + 4*w, 34 = 5*v + 4*w. Determine p(v).
8
Let o(c) = -6*c - 10*c + 15*c. Let b(j) = j**2 + 6*j - 2. Let w(u) = b(u) + 6*o(u). Determine w(3).
7
Let a(d) be the second derivative of d**5/20 + d**4/4 - 2*d**3/3 - 5*d**2/2 - 246*d. Let i(q) = q**3 - 6*q**2 - 4. Let g be i(6). Give a(g).
-5
Let u(f) = f**2 + f + 4. Let r = 164 - 168. What is u(r)?
16
Let m(x) = -7 + 0*x - 14 - x + 3. What is m(-8)?
-10
Let j(g) = -7 + 2*g + g**3 - g + 0*g**3. Let m(o) be the third derivative of -o**6/120 + o**5/12 - 5*o**4/24 + 2*o**3/3 + 2*o**2. Let i be m(4). Determine j(i).
-7
Let n(d) = d**3 + 11*d**2 + 10*d + 2. Let p be n(-10). Let r(c) = p*c**2 - c**3 - 2 + 6*c - 18*c + 11*c. Determine r(2).
-4
Suppose 14 = -m + 3*u, -4*u + 11 = -4*m - u. Suppose -f + 0 = -m. Let k(h) = -7*h**3 + h**2. What is k(f)?
-6
Suppose 101 = -2*r + 21. Let f = -32 - r. Suppose 5*t - 37 = n + 2*n, 0 = 3*n + 4*t - f. Let a(b) = b**3 + 4*b**2 - 3. Determine a(n).
-3
Let u(o) = -4 - 11*o**2 - 4*o + 34*o**2 - 17*o**2 - 2 - 10*o**2. Calculate u(-4).
-54
Let i(r) = -9 + 29*r**3 - 15*r**3 - 7*r**3 - 9*r**2 - 10*r - 8*r**3. Give i(-8).
7
Let z(f) be the third derivative of -1/3*f**3 + 0 + 1/24*f**4 + 0*f - 1/30*f**5 + 3*f**2. Let y(b) be the first derivative of z(b). Give y(-3).
13
Let k(l) = l**2 - 9*l + 4. Let m be k(10). Suppose -2 + m = -4*h. Let y(n) = 2 + 0 + 3*n + 2*n + 0*n**2 + 2*n**2. Give y(h).
5
Let q(m) be the third derivative of m**4/8 - m**3/3 + m**2 - 52. Calculate q(-4).
-14
Let z be (-3)/(-18)*3*6. Let v(l) = 14 - 3*l**z - 36*l + 35*l + 4*l**3. Determine v(0).
14
Let j(b) = 8 + 18*b + 5 - 15*b - 6 - 3*b**2 + 2*b**2. Let r be (2 + -2 + 3)*2. Calculate j(r).
-11
Suppose 3*n - 3*z - 9 = 0, 1 = 5*n - 4*z - 9. Let u(i) = -6*i - 6. Let l be u(n). Let m(x) = x**3 - 6*x**2 - x - 1. What is m(l)?
-7
Let z(k) = 0 - 2*k - 5 + 4 + 4. Suppose 8 + 2 = 5*y. Calculate z(y).
-1
Suppose 5*w + 3*t - 14 = 0, -4*t - 26 = -5*w + 2. Let y(z) be the third derivative of z**6/120 - z**5/12 + z**4/4 - z**3 + z**2. Determine y(w).
2
Let z(p) = 4*p**3 + p**2 - 2*p - 3. Let b = 214 - 216. What is z(b)?
-27
Let h(g) be the second derivative of 1/20*g**5 - 4*g**2 + 0 + 12*g - 2/3*g**4 + 7/6*g**3. Suppose -5*f + f + 28 = 0. Calculate h(f).
-8
Suppose 0 = -3*s + b - 44, 0*s - 67 = 4*s - 3*b. Let q(n) = -3*n + 5. Let r be q(-4). Let m = r + s. Let p(w) = -3*w + 2. Calculate p(m).
-10
Let d(w) = w**3 + 5*w**2 - 5*w - 1. Suppose -3*z - 35 = 4*h, -h = -3*z - 5 - 5. Give d(h).
24
Let f(o) be the first derivative of o**4/4 - 2*o**3 - 2*o + 1. Let b = 34 + -26. Let c = 14 - b. Calculate f(c).
-2
Let w(u) = -u**2 + 9*u + 7. Let b be w(9). Let r(p) be the first derivative of -p**2/2 + 9*p + 88. Give r(b).
2
Let y(r) = -r**3 - 7*r**2 + 9*r + 10. Let f = -8 + 11. Let i(k) = k**3 + 7*k**2 - 9*k - 10. Let l(m) = f*y(m) + 4*i(m). Determine l(-8).
-2
Let y be (-15)/(-4) + 3/12. Let g be (7 - y)*2/3. Let o(x) = -5*x - 1. Let a(v) = -v - 4. Let b(f) = -a(f) + o(f). Calculate b(g).
-5
Let j(f) = f**3 - 5*f**2 - f + 1. Let v(m) = 2*m**3 - 7*m**2 - m + 1. Let s(q) = -3*j(q) + 2*v(q). Determine s(-2).
-7
Let j(u) = -u**3 - u**2 + 2*u + 3. Let r(b) = b**2 - 3*b - 1. Let m be r(3). Let s be m + -2*(-3)/(-6). Let w be j(s). Let c(g) = g. Calculate c(w).
3
Let g(d) be the second derivative of -4*d - 1/3*d**4 + 0 + d**2 - 5/6*d**3 + 1/20*d**5. Give g(5).
2
Let x be -7 + -13 + (-13 - -39). Let j(p) be the first derivative of p**4/4 - 2*p**3 + p**2/2 - 6*p + 1. Determine j(x).
0
Let p(z) = z**3 + 11*z**2 + 11*z + 2. Let d be p(-9). Let m = -73 + d. Let s(a) = -a**2 - 6*a + 11. Give s(m).
-5
Let f = -6 - -7. Let x(g) = -45*g - 8. Let d(y) = -79*y - 14. Let r(t) = -4*d(t) + 7*x(t). Calculate r(f).
1
Let b(r) = -r**3 + r**2 - r + 8. Let z(p) = -p**3 + 2*p**2 + 9. Let x(s) = -7*b(s) + 6*z(s). Give x(-5).
-37
Let o(r) = -2*r**3 - 5*r**2 + 8. Let t(i) = 5*i**3 + 16*i**2 - 23. Let p(l) = 8*o(l) + 3*t(l). What is p(8)?
-5
Let c(g) = -2*g + 11. Let m be (-1 - -3) + -1 + -3 - -16. What is c(m)?
-17
Let j(x) = x**3 - 2*x**2 + 2*x + 4. Let s = -38 + 88. Let g = 53 - s. Give j(g).
19
Let l(d) = d**2 + d - 2. Let r(v) = -v + 3. Let i = 15 + -27. Let z be 1*(1 - i/3). Let x be r(z). Calculate l(x).
0
Let y(d) = d**2 + 3*d - 3. Let g = -17 - -22. Suppose -26 = g*l - 2*n, 3 - 16 = 4*l + n. Calculate y(l).
1
Let r be (15/18)/((-520)/48 + 11). Let z(d) = -d - d**3 + 0*d + 7*d**2 + 6 - 2*d**2. Give z(r).
1
Let a(o) = -o**2 - 5*o + 2. Let i be (2 + 6/(-2))/(2/(-34)). Suppose -x = -3*n - i, -3*x - 4 = -5*x. Give a(n).
2
Suppose 10 = 835*u - 830*u. Let v(h) = h**3 + h**2 - 6*h + 5. Give v(u).
5
Suppose -195 = -13*k - 247. Let u(m) = -2*m - 3. Determine u(k).
5
Let u(j) = 2*j - 4. Let p be 109 - 6 - (-3 - -8). Let i = 102 - p. Give u(i).
4
Let g be 16/8 - 3 - (3 + -1). Let p(n) = -n**2 - 5*n + 8. Let r(c) = 11 - 2*c**2 + 4 + 0*c**2 - 9*c. Let l(i) = 7*p(i) - 4*r(i). Calculate l(g).
2
Let q = -155 + 159. Let h(v) = -2*v**3 + 7*v**2 + 3*v + 3. What is h(q)?
-1
Let c(z) be the first derivative of z**6/360 - 7*z**5/120 + 4*z**3/3 + 9. Let x(l) be the third derivative of c(l). Let m = -7 - -11. What is x(m)?
-12
Let i(a) = -1 - 3 + 5*a + 4. Suppose 0 = 3*q + q + 4*s - 16, -12 = -5*q + 3*s. Suppose -1 = 2*o - q. What is i(o)?
5
Let n(d) be the first derivative of -d**2 - 2*d - 76. What is n(-2)?
2
Let i(l) = -10*l**3 - 2*l**2 - 2*l - 1. Let q(z) = 1 + 6*z**2 - 7*z - 5*z - 5*z**2 + 3. Let v be q(12). Let x = 3 - v. Give i(x).
9
Let z(v) = v**2 - v - 1. Let h be z(-2). Suppose 2*f = y + 8, 4*y - 2*y + 21 = h*f. Let u(m) = f*m - m - 5*m**2 + 8 - m**3 + 3*m + 0*m**3. Calculate u(-6).
2
Let x(p) = p**2 - p + 8. Let i = 11 - 9. Suppose i*b = -4, w + 5*b + 14 = 2*w. Suppose -w*a = -2*a. What is x(a)?
8
Let b(d) be the third derivative of d**7/2520 - d**6/720 + d**5/5 - 6*d**2. Let m(a) be the third derivative of b(a). Determine m(3).
5
Let b = 183 - 193. Let q(k) = k**2 + 10*k + 3. What is q(b)?
3
Suppose -9 = o + 2*o, r = 3*o + 12. Suppose -r*u + 17 = h, 5*u - 3*h + 6*h - 23 = 0. Let i(z) = z**2 - 8*z + 4. Determine i(u).
-3
Let b(s) = s**3 + 8*s**2 + 8*s. Let g be b(-7). Let p = -6 - g. Let u(v) = 9 - 3 - 6*v - 2 - 3. Determine u(p).
-5
Let c = 350 + -349. Let w(v) = -21*v**2 - v + 1. Give w(c).
-21
Let g(t) = 10*t. Let f(a) = -5*a - 5. Let d be f(11). Let j = -43 - d. Let q = 16 - j. What is g(q)?
-10
Let o(g) = -g**3 - 6*g**2 - 13*g - 232. Let y be o(-8). Let u(k) = 9 - 2*k**2 + 0 + k**2. Give u(y).
9
Let i(y) be the first derivative of -y**2/2 - 5*y + 1. Let k(l) = -16*l - 6. Let b be k(0). Determine i(b).
1
Let j be (-1)/((-2)/24*2). Let o(z) be the first derivative of -z**3/3 + 5*z**2/2 + 2*z - 28. Calculate o(j).
-4
Let b be (-10)/4 + 24/(-16). Let d(s) = 34*s - 4. Let a(j) = -7*j + 1. Let g(y) = -14*a(y) - 3*d(y). What is g(b)?
14
Suppose -6*w + 45 = -3*w. Let y be ((-20)/25)/((-6)/w). Let f(c) = c**2. Let q(x) = x**3 - 4*x**2 + 3*x. Let t(v) = 2*f(v) + q(v). What is t(y)?
6
Let d(a) = a**3 - 5*a**2 - 3*a + 7. Suppose 6*k - 4 = 122. Let r = k - 16. Calculate d(r).
-8
Suppose -213*q - 113*q - 1956 = 0. Let w(c) be the first derivative of -c**2 - 7*c + 1. Determine w(q).
5
Let v(h) = -10*h**3 + 32*h**2 - 42*h + 61. Let c(z) = -7*z**3 + 21*z**2 - 28*z + 41. Let q(x) = 7*c(x) - 5*v(x). Give q(12).
6
Let p(l) be the second derivative of -l**5/20 + l**